vided by s?
8
Let j(v) = v + 5*v - 1 - 3*v + 5*v**3 - v. Suppose 3*n - 17 - 28 = 0. Calculate the remainder when j(2) is divided by n.
13
Let a = -52 - -56. What is the remainder when a is divided by (-4)/(-6) - (-24)/18?
0
Suppose -3*r - 3 = -0, 0 = -4*l + 3*r + 191. Let z(x) = x**2 + x - 4. Suppose 2*v - 5 = 3. What is the remainder when l is divided by z(v)?
15
Let f(n) = -n**2 + 2*n + 1 - 4 + 4*n. Suppose 14*w - 16 = 10*w. What is the remainder when f(w) is divided by 3?
2
Let v = 5 + -5. Suppose m - 4*r - 14 = 0, 5*m + 2*r + v*r - 4 = 0. Calculate the remainder when 3 is divided by m.
1
Let j(p) = 2*p**2 + 2*p - 2. Let b be j(2). Let t = 52 + -12. Calculate the remainder when t is divided by 4/b + (-412)/(-20).
19
Calculate the remainder when 90 is divided by (3 - -20)/(-2 + (-12)/(-4)).
21
Let i = 2 - -1. Let n = 19 + -5. What is the remainder when n is divided by (i + -1)*10/4?
4
Suppose -5*b + 12 = -3*b. Calculate the remainder when 21 is divided by b.
3
Let d = 57 + -31. Calculate the remainder when d is divided by 14.
12
Let v(b) = b**3 + 2*b**2 - 5*b - 4. Let c be v(-4). Calculate the remainder when 23 is divided by ((-54)/12)/(6/c).
11
Suppose y = 131 - 27. Suppose 5*i - y - 22 = -3*f, 0 = 3*f + 9. Calculate the remainder when i is divided by 15.
12
Let x(f) = -8*f - 8. What is the remainder when 46 is divided by x(-2)?
6
Suppose -2*d + 41 = 11. Calculate the remainder when 59 is divided by d.
14
Let q = 2 + -6. Suppose 4*r - 28 = 4*j, -1 = -r - 3*j - 6. Calculate the remainder when 46 is divided by q/((-2)/(r*2)).
14
Suppose -3*n + 4 - 20 = -5*u, -n = u. Calculate the remainder when 4 + n - 18/(-1) is divided by 11.
9
Let h be 10 + (-2 - (3 - 3)). Suppose 4*x + 0 = h. Suppose x*u - 2 - 14 = 0. Calculate the remainder when 31 is divided by u.
7
Let x(l) = 2*l**2 + 2*l + 6. Let s be x(-4). Suppose 6*a - s = a. What is the remainder when a is divided by ((-30)/(-25))/(-3)*10/(-2)?
0
Suppose 2*d - 4*d + 41 = -3*s, -4*d + 102 = -2*s. What is the remainder when (-2 - 0) + d + 2 is divided by 15?
13
Let c(h) = 2*h**2 + 20*h + 30. What is the remainder when c(-13) is divided by 10?
8
Let a(b) = 6*b - 1. Suppose 0 = -0*i - i + 16. What is the remainder when a(8) is divided by i?
15
Let o = 60 - 24. Let y = o - 16. Let b = y - 13. Calculate the remainder when 19 is divided by b.
5
Calculate the remainder when (16/6 - 1)*21 is divided by 19.
16
Let i(o) = o**3 + o**2 - o - 3. Let m be i(0). What is the remainder when (-2 - -14) + m + 4 is divided by 7?
6
Let k(y) = 2*y - 6. Suppose 2*s = -5*i - 10, 0*s + s - 21 = 4*i. Calculate the remainder when k(s) is divided by ((-12)/(-10))/((-8)/(-20)).
1
Let k(u) = u**3 + 4*u**2 - u + 7. Let o be k(-5). Let z = 2 - o. Let y = 24 - z. Calculate the remainder when 26 is divided by y.
8
Let g be (-69)/12*(-4)/1. Let x = g - -10. Suppose 4*m + 45 - 113 = 0. What is the remainder when x is divided by m?
16
Let w(z) = z**2 + 42. Calculate the remainder when w(0) is divided by 11.
9
Let v = 3 + 28. Calculate the remainder when v is divided by -2*-4*(3 + -1).
15
Suppose -5*m = 2*i - 9, -3*m + 12 = -7*m. Calculate the remainder when 22 is divided by i.
10
Let d(k) = 4*k**3 - 5*k**2 - 10*k - 7. Let i(l) = -5*l**3 + 5*l**2 + 11*l + 7. Let p(y) = 6*d(y) + 5*i(y). What is the remainder when 51 is divided by p(-5)?
15
Calculate the remainder when 46 is divided by ((-14)/4)/(-7)*24.
10
Let i(n) = 2*n**2 + 3*n + 2. Let s(j) = -j**3 + 7*j**2 + 9*j - 10. Let k be s(8). Calculate the remainder when 12 is divided by i(k).
0
Suppose 3*v - 8*v = -65. What is the remainder when 37 is divided by v?
11
Suppose 5*d - 218 = -83. What is the remainder when 75 is divided by d?
21
Let o = 82 - 31. What is the remainder when 98 is divided by o?
47
Let l = 3 + -2. Suppose -5*t + 2*o + 45 = 0, t + 4*o - 75 = -4*t. Let c = l + t. What is the remainder when 35 is divided by c?
11
Let x = 200 - 102. What is the remainder when x is divided by 11?
10
Suppose 0 = -3*n + 39 + 6. Calculate the remainder when 28 is divided by n.
13
Suppose 3*d = 21 + 27. What is the remainder when 29 is divided by d?
13
Suppose -3*c = 4*h + 449, -2*h - h = -5*c - 787. Let o = -98 - c. Calculate the remainder when o is divided by 15.
12
Suppose 2*i - 8 = 2*d, 3*d = -3*i - 11 - 1. Let f = i + 0. Suppose -5*u + 3*b + f = -92, -2*b - 88 = -5*u. What is the remainder when u is divided by 6?
4
Let m(s) = 6*s**2 + s + 1. What is the remainder when 135/12 + 1/(-4) is divided by m(-1)?
5
Suppose 5*j = 11*j - 30. What is the remainder when 21 is divided by j?
1
Let u = 47 + -34. Suppose 2*o + 2*a - 50 = 42, 4*a = 4*o - 160. Suppose -o + 11 = -4*d. Calculate the remainder when u is divided by d.
5
Let s(k) = -k**3 + 12*k**2 + 2*k - 12. Calculate the remainder when 22 is divided by s(12).
10
Suppose -47 - 17 = -8*f. What is the remainder when 55 is divided by f?
7
Suppose -2*a - 110 = -2*d + 2*a, -3*d = -a - 145. What is the remainder when 184 is divided by d?
43
Let s(f) = 22*f**2 + 2*f - 2. What is the remainder when s(2) is divided by 23?
21
Suppose 11*n - 14*n = -60. Calculate the remainder when n is divided by 11.
9
Let h(l) = l**2 - 10*l + 17. Suppose 5 = -3*d + 41. Calculate the remainder when h(d) is divided by 14.
13
Let t(c) = c**3 - 4*c**2 + 3*c - 3. Let y be t(3). Let o = 8 - y. Calculate the remainder when (-240)/(-11) + 2/o is divided by 6.
4
Let l(b) = -b**2 - 5*b + 3. Calculate the remainder when l(-4) is divided by ((-5)/25)/((-2)/30).
1
Suppose -43 = 3*b - 151. Calculate the remainder when b is divided by 13.
10
Suppose 4*n - 2*l = -6*l + 76, -25 = -n - 3*l. Suppose -2*u + 248 = 2*u. What is the remainder when u is divided by n?
14
Suppose 15 = 2*y - 31. What is the remainder when y is divided by 13?
10
Suppose 4*p + 1 = 9. Suppose -3*c + c = -2*f + 22, p*f - 43 = -5*c. What is the remainder when f is divided by 5?
4
Let x = 151 + -4. Calculate the remainder when x is divided by 37.
36
Let c(z) be the second derivative of z**4/6 + z**3/3 - 2*z**2 - 3*z. What is the remainder when c(5) is divided by 15?
11
Let p(v) = -5*v**3 + v**2 + v. What is the remainder when 11 is divided by p(-1)?
1
Suppose -5*c = 3*x - 41, 5*x + 55 = 3*c + c. Calculate the remainder when c is divided by (-64)/(-10) - 4/10.
4
Suppose -6*c + 2*c + 32 = 0. What is the remainder when 20 is divided by c?
4
Calculate the remainder when 20 is divided by (117/(-15) - -7)*(-1 + -9).
4
Let k(m) = m + 2. Let i be k(0). Suppose -21 = -i*u - u. Calculate the remainder when 12 is divided by u.
5
Let u(w) = -2*w**3 + 2*w**2 + w - 4. Calculate the remainder when 142 is divided by u(-2).
16
Let q = -2 - -17. Let i = 178 - 119. What is the remainder when i is divided by q?
14
Let u(p) = 24*p**3 - 3*p**2 + 3*p - 3. Let h be u(2). What is the remainder when -3*-2*h/18 is divided by 16?
13
Let b(m) = m**2 - 7*m + 13. What is the remainder when b(10) is divided by ((-2)/(-9) - (-1230)/54)*1?
20
What is the remainder when 1*(6 + 0 + -1) - 0 is divided by 1?
0
Suppose 0*q + 18 = 2*q. Suppose -11 = -4*i + q. Calculate the remainder when 40 is divided by (-204)/(-15) - (-2)/i.
12
Let l = -27 - -47. Suppose -s + 2*s - 58 = 0. What is the remainder when s is divided by l?
18
Suppose 7 = 5*c - 13. Suppose -r = -0*r + c. What is the remainder when 8 is divided by 1 + 0 - (r + 2)?
2
Suppose -3*l + 5*u + 146 = 0, 4*u = -4*l + u + 243. Calculate the remainder when l is divided by 15.
12
Suppose 5*l - 2*l - 90 = 0. Suppose 6 = m + z, -4*m - m = -5*z - l. What is the remainder when m is divided by 3?
0
Suppose -6*w + w + 2 = 4*i, -w - 11 = -3*i. Suppose 4*d + 4*o = 20, -2*d + i*o = -2*o - 38. What is the remainder when 17 is divided by d?
8
Let b = 74 - 53. What is the remainder when 61 is divided by b?
19
Let q = -4 + 9. Suppose 16 = 2*x - 2*w, 14 = 2*x - q*w - 8. What is the remainder when (1 + -12)*(-5 - -4) is divided by x?
5
Let r be (-1 + 1)*(-1)/2. What is the remainder when 42 + r + 0/1 is divided by ((-2)/(-2))/((-5)/(-110))?
20
Suppose -q - 12 = -3*v - 2*q, q - 9 = -2*v. Suppose -75 = -2*f - v*f. What is the remainder when 28 is divided by f?
13
Suppose 0 = -23*f + 19*f + 112. What is the remainder when f is divided by 19?
9
Let p(n) = 4*n + 2. Suppose 0 = -3*w + 13 + 32. Suppose -2*u = 3*g - w, 47 =